+ 19. Suppose 5*l + 2*h + 984 = 0, 6*l + 390 = 4*l - 2*h. Let j = l + 198. What is x(j)?
19
Let j(z) be the first derivative of -11*z**4/4 - z**3/3 + 3*z**2/2 - 3*z - 6565. Determine j(2).
-89
Suppose 4 + 0 = -2*q. Let o(g) = 4*g. Let m be o(q). Let a(v) be the third derivative of v**5/60 + 3*v**4/8 + v**3/2 + 1009*v**2. Determine a(m).
-5
Let f(o) = 0*o + 3*o**2 - 3*o**2 + 2*o**2 + o + o**2 + 2. Let w(m) be the second derivative of -m**4/6 - 13*m**3/6 - 2*m**2 - 5*m. Let u be w(-6). Give f(u).
16
Let q(m) = -m - 2. Let k be q(-6). Let w = k - 3. Let l(z) = -3*z**2 - 19*z - 71. Let p(n) = -2*n**2 - 16*n - 61. Let o(t) = -6*l(t) + 7*p(t). Calculate o(w).
5
Let r(y) = y**3 + 7*y**2 + 5*y - 7. Let i = -12 + 4. Let h(o) = 2*o + 21. Let n be h(i). Let p be -9 + 3*(-3 + n - 1). Calculate r(p).
-1
Let s(d) = -2*d**2 - 15*d - 20. Let g(o) = -3*o**2 - 15*o - 24. Let w(z) = -3*g(z) + 4*s(z). Determine w(0).
-8
Let z(v) = -v - 10*v**2 - v + 12*v**2 - v**2. Let y = -327 + 325. Calculate z(y).
8
Let s(a) = -96*a + 10166. Let q be s(106). Let k(d) = -d**2 + 28*d + 369. What is k(q)?
-11
Let o(t) = 14 - 7*t + 12 - 27. Let y be ((-472)/590)/(12/10 + -1). What is o(y)?
27
Let k be (9/(-27))/((-11)/(-33)). Let l(t) = -5*t**3 + 4*t**2 + t - 1. Calculate l(k).
7
Suppose -434 = -0*w - 4*w - 5*a, w + 3*a - 112 = 0. Let r = w - 102. Let o(y) = -2*y - 1. What is o(r)?
-9
Let z(g) = -g**3 + 5*g**2 + 3 - 139*g + 467*g - 145*g + 4*g**2 - 173*g. Let o(w) = w + 5. Let b be o(5). What is z(b)?
3
Suppose x - 4*x + 71 = -v, 2*x + 2*v = 50. Suppose x = -6*l + 2*l. Let k(i) = -4 - 2*i**2 - 133 + 3*i**2 + 4*i + 138 + 0*i**2. Calculate k(l).
13
Let f(m) = -5*m**2 + 235*m - 13. Let j be f(47). Let g(a) = -a**3 - 13*a**2 + 3*a + 10. Give g(j).
-29
Suppose 0 = 3*p - 109 + 121. Let i(f) = -5*f - 1. Let j(h) = h - 1. Let t(l) = -i(l) - 4*j(l). Determine t(p).
1
Suppose h + 30*h + 370 + 281 = 0. Let t(w) = -4*w - 68. Give t(h).
16
Suppose 0 = 5*l - y - 13, 6*y - 10*y - 4 = 4*l. Let u(b) = 24 - 23 + 9*b + 49*b**2 - 48*b**l. Calculate u(-6).
-17
Let y(m) = 4*m + 9*m**2 - 16*m + 4*m - m**3 - 5. Let u(l) = -2*l - 10. Let c(w) = 11*w + 2. Let a be c(-1). Let v be u(a). What is y(v)?
-5
Let j(y) = -y**3 - 2*y**2 - 2*y + 1. Suppose -1 = q - 3. Let p be (15/(-5 + q))/((-2)/6). Let z be (-4 - -1)/(p/(-10)). Calculate j(z).
-19
Let a(t) = -t**2 - t + 2. Let f(n) = -10*n + 1 - 14*n**2 - 17*n**2 + 32*n**2. Let p(r) = -2*a(r) - f(r). What is p(-12)?
-5
Let d(t) = -3*t**2 - 4*t - 2. Suppose 1 = k - 5. Let m be k*(-4)/(-32) + (-9)/12. Suppose -3*a + m = 6. Give d(a).
-6
Let q = 1 - 1. Let p be 13/(-39)*-3*1. Let j(l) = -4*l + 3*l**2 + 3 + q - 1 + p. Give j(2).
7
Suppose 0 = 82*r - 86*r + 36. Let o(y) = 8*y - 1. Let f(g) = 7*g - 3. Let t(a) = -6*f(a) + 5*o(a). Calculate t(r).
-5
Let o = 6690 + -6687. Let z(y) = 3*y**3 - y**2 + 5*y - 7. Determine z(o).
80
Let q = -16842 - -16867. Let m(c) = -c + 22. What is m(q)?
-3
Let x(n) = -4*n**3 - n**2 - n. Let b = 8 - 3. Let k = 48 + -46. Suppose b*l + k*w + 8 = w, -4*w - 9 = -3*l. Calculate x(l).
4
Let s(h) = -h**2 + 22 - 5*h**2 + 3*h**2 - h + 4*h**2. Let g = 4176 + -4176. Determine s(g).
22
Let a be (140/280 + (-6)/10)/(-2). Let u(s) be the second derivative of -9*s - s**3 + 3/2*s**2 + 2 - 1/6*s**4 + a*s**5. Determine u(4).
11
Let s(t) = 302*t + 7. Let x(l) = 269*l + 7. Let f(b) = -8*s(b) + 9*x(b). What is f(-7)?
-28
Let r(u) = -u**2 + 5*u - 3. Let q be 4881/10 + 65/(-650). Let o = 494 - q. Determine r(o).
-9
Let d(b) be the second derivative of b**6/240 + 17*b**5/120 - 35*b**4/12 + b + 7. Let a(p) be the third derivative of d(p). Calculate a(-6).
-1
Suppose -4*y - 11 = 1. Let l be (((-36)/2)/y + -2)*5. Let a(c) = 2*c**2 - 6 - c**2 + 4*c - l*c**3 + 21*c**3 + 5*c**2. Determine a(-5).
-1
Let i(j) = j**3 - 5*j**2 + 2*j - 1. Let y = 11 + -7. Suppose 5 + 3 = 2*n - 4*r, 16 = 4*n + y*r. What is i(n)?
-9
Let y be 2/(((-7)/(-4))/7). Let h(p) = p - 4. Let g be h(y). Let t be 6/g + ((-36)/(-8) - 0). Let j(b) = -b**3 + 7*b**2 - 7*b + 7. Determine j(t).
1
Let w(d) = -2*d**3 - 3*d**2 + 2*d + 4. Let z be (91/364)/(4/(-32)). Determine w(z).
4
Let j(x) = -x**3 - 17*x**2 + 3*x + 20. Let p(k) = 26*k - 641. Let f be p(24). Determine j(f).
-31
Let c = -176 - -180. Suppose x = -c*t + 23, -16*t + 11*t = 5*x - 70. Let v(p) = -3*p + 39. Determine v(x).
6
Let n(v) = -3*v - 13 + 0 + 0*v + 2*v**2 - 3*v**2. Let a(k) = -2*k**2 - 2*k - 10. Let y(f) = -2*a(f) + 3*n(f). Give y(8).
5
Let s(b) = 66*b**3 - b**2 + 1. Let u be -1*(-6)/(-24)*1*4. Determine s(u).
-66
Suppose -424 = -n + 4*v - v, 842 = 2*n - 3*v. Let z = n + -412. Let x(q) = q**3 - 6*q**2 - q - 4. Determine x(z).
-10
Let l be (45/(-135))/(1/(-15)). Suppose f + 12 = 5*v, -2*v - 38 + l = 5*f. Let q(r) = r**3 + 8*r**2 + 7*r + 1. Calculate q(f).
1
Suppose -4*n = -n + 12. Let f be 17/(-85) - 33/(-15). Let d(m) = 0*m**2 - 39 - 5*m + 34 - m**f. What is d(n)?
-1
Let x = -661 - -676. Let a(o) be the third derivative of o**5/60 - 2*o**4/3 + o**3 - 11*o**2. Give a(x).
-9
Suppose 0 = 64*i + 103 + 108 + 237. Let y(r) = r**2 + 9*r + 21. Give y(i).
7
Let h(x) = x**2 + 2*x + 1. Suppose 9*c = 3*n + 7*c - 433, -743 = -5*n - 2*c. Let b = n - 152. Give h(b).
16
Let a(w) = w**3 - w**2 + 5*w + 1. Let o(r) = 10*r**3 - 2*r**2 + 9*r + 1. Let b(l) = 4*a(l) - 2*o(l). What is b(-1)?
16
Let p(m) = -6 + 4*m + 10*m**2 - m**2 + 8. Let i be p(-2). Suppose 4*d - 10*d + i = 0. Let g(u) = u**2 - 4*u - 4. Calculate g(d).
1
Let q(d) = -6 - d - 7 + 8 + 10 + 19. What is q(10)?
14
Let i(r) = 12*r + 174. Let o(q) = -4*q**3 + 68*q**2 + 10*q - 184. Let x be o(17). Give i(x).
6
Let n(s) = -11*s + 1 - 17 + 18 - 7. Give n(-2).
17
Let j be (-4)/2*(-27)/18. Let x(k) = 3*k**3 - 23*k**2 + 16*k**2 - 2 - 4*k**3 + 10*k**2 - 1. Determine x(j).
-3
Let x(p) = -p**2 + 3*p + 1. Let z be (-13)/((-9)/((-3)/1) - 2). Let h(i) = -i**3 - 12*i**2 + 9*i - 11. Let k be h(z). Let v = 43 - k. Give x(v).
3
Suppose -29*j + 25*j + 252 = 0. Let l(o) = -87*o + 173*o - o**2 - 25 - j*o. Let w be l(22). Let k(y) = -y**3 - 5*y**2 - y + 3. Give k(w).
-12
Suppose -v + 5*d = -4, -2*d = -v - 27 + 22. Let t(w) = -2*w**2 - 9*w + 149. What is t(v)?
6
Let h(p) = 5*p**2 + 88*p - 126. Let q(w) = 6*w**2 + 108*w - 127. Let c(k) = 5*h(k) - 4*q(k). What is c(-16)?
6
Suppose 5*h - h - 4*t + 24 = 0, -2*h - 7 = -t. Let r be ((-22)/4 - -6)/(h/2). Let a(w) = w**2 - w - 1. Determine a(r).
1
Let m(x) = -x**2 - 5*x + 3. Let r(k) = 184*k - 20. Let w be r(1). Suppose -20*l + 44 = w. Give m(l).
-3
Let z = 1853 - 1853. Let i(a) = -a - 9. What is i(z)?
-9
Let n(d) = -6 + 5 + 5 - 7 + 4 + 19*d. Calculate n(-1).
-18
Let b(a) = -47*a**2 - 2*a. Let z(d) = -152*d + 3647. Let s be z(24). Determine b(s).
-45
Suppose 0*p - r - 2 = -p, -3*p = 2*r - 1. Let o(f) = 5*f**2 - 88*f - 3. Let s be o(18). Let t(u) = -25 + s - 7 - 7*u**2. Give t(p).
-6
Let t be (-2)/(-7) + (-26)/(-7). Let j(v) = 13*v**2 - 171*v - 40. Let k(y) = 8*y**2 - 106*y - 25. Let d(a) = 5*j(a) - 8*k(a). What is d(t)?
-12
Let j(g) = 0*g + 1689 - 846 + g - 842. Let v(i) = i**3 + 3*i**2 - 4*i + 2. Let q be v(2). What is j(q)?
15
Let k(y) be the first derivative of -4*y**3/3 - 29*y**2/2 - 18*y + 2859. Give k(-8).
-42
Let h(g) = -11*g**3 + 26*g**3 + 19 - 7*g**2 - 12*g**3 - 4*g**3 - 4. Determine h(-7).
15
Let j(w) be the first derivative of w**7/840 - w**6/90 - w**4/12 + 34*w**3/3 + 2. Let i(c) be the third derivative of j(c). Calculate i(2).
-10
Let l(a) = 4*a**2 - 96*a + 88. Let c(v) = -v**2 - 237*v - 3919. Let f be c(-18). What is l(f)?
-4
Suppose 18*o = 8 + 4 + 78. Let q(k) = k**3 - 5*k**2 - 7*k + 3. Calculate q(o).
-32
Let w(z) = 21 + 18 + 17 + z**3 - z - 36 + 4. What is w(0)?
24
Let w(x) = -2*x + 15. Suppose -4*z - 143 + 133 = y, -2*z - 20 = -2*y. What is w(y)?
3
Let f(i) = -2*i**3 + 30*i**2 - 53*i - 18. Let k(a) = -3*a**3 + 44*a**2 - 75*a - 26. Let c(v) = -7*f(v) + 5*k(v). Determine c(8).
92
Let n be 30/(-9)*(-9)/(-6)*-1. Suppose 3*f + 18 = -5*t + 9*t, n*f + 10 = 0. Let i(y) = y**3 - 3*y**2 - 2. Give i(t).
-2
Let m(u) = -17*u - 5. Let z(h) = -15*h - 4. Let q(b) = 3*m(b) - 4*z(b). What is q(1)?
10
Let h(r) be the third derivative of -r**6/24 - r**2. Let k(l) = l**2 - 55*l + 135. Let n be k(53). Suppose 0 = -n*f + 19*f + 10. Calculate h(f).
-5
Let n(r) = 7*r - 19. Suppose 3*v - 2